of d(t).
2
Suppose 0 = -2*h - 3*f - 104 + 1032, -3*h = -3*f - 1377. What are the prime factors of h?
461
Let j(l) = 5*l**2 + l + 1. Let g(x) be the second derivative of x**4/12 - x**2/2 + 7*x. Let h(t) = 6*g(t) - j(t). What are the prime factors of h(5)?
13
Suppose m - 2463 = -a, -3*m = 16 - 22. What are the prime factors of a?
23, 107
Let m(n) = n**2 - 8*n + 2. Let j be m(8). Suppose 4*b + 22 - j = 0, -f + 255 = 5*b. List the prime factors of f.
2, 5, 7
Suppose 4*m = 2*l + 3914, l = -3*m - m + 3911. What are the prime factors of m?
2, 3, 163
Let x = -62 + 203. What are the prime factors of x?
3, 47
Suppose 0 = -t - 2 + 7. Suppose 2*g - 3*g + 26 = -5*s, -136 = -4*g + 4*s. Suppose -t*a + a = -g. List the prime factors of a.
3
Let i = 244 - 173. Suppose -i = -3*r - 11. What are the prime factors of 2/(-4) + 550/r?
3
List the prime factors of 620 + (-2)/(-10)*0.
2, 5, 31
Suppose -6*c = -9*c + 9. Suppose y + 42 = -3*k + 5*y, -k - 27 = c*y. List the prime factors of (-392)/k + (-8)/(-36).
2, 11
Let m(g) = -g**3 - 9*g**2 + 13*g + 19. Let d be (-4 + (-5)/(-4))*(4 + 0). List the prime factors of m(d).
2, 59
Let f(v) = 2*v**2 - 8*v - 8. Let o be f(4). Let x(q) = -2*q + 1. What are the prime factors of x(o)?
17
Let a(p) = -p - 4. Let c be a(-6). Let j be ((-25)/(-100))/(2/10)*4. Suppose 3*n - c*k - 7 = -0*k, -4*n + 17 = j*k. List the prime factors of n.
3
Suppose -4*m = y - 5, 0*m = -y - 3*m + 7. Suppose 90 - y = s - 3*z, 97 = s + 2*z. List the prime factors of s.
89
Let b be 16/6*6/4. Let r be 0/b + 8/4. Suppose -r*s = -s - 21. List the prime factors of s.
3, 7
Suppose -h - 29 + 133 = 0. Let i = h + -43. List the prime factors of i.
61
Let u be ((-20)/6)/(4/12). Let k be ((-4)/u)/(1/5). Suppose -n + j + 73 = 0, 0 = -n - 3*j + k*j + 71. What are the prime factors of n?
2, 3
Let r(y) = 1 + 9 - 2 + 0 + 4*y. Let n be r(5). Suppose -2*f - 5*k + n = -36, -3*f + 3*k + 138 = 0. List the prime factors of f.
2, 3, 7
Let m(r) be the first derivative of r**2/2 + 5*r - 59. Suppose 3*z - 5 = 16. List the prime factors of m(z).
2, 3
Let u(i) = -3*i**2 + 8*i**2 - 6*i**2 + 4*i + 209 - 68. List the prime factors of u(0).
3, 47
What are the prime factors of 132/8*120/18?
2, 5, 11
Let u(c) = -c**2 + 12*c + 1. Let i be u(11). Suppose 5*w + 88 = r - 0*w, 0 = -2*r + 2*w + 208. Suppose i*h = 16*h - r. What are the prime factors of h?
3
Suppose 2*p + 8 = f, -2*p + 2 = 3*f + 3*p. Suppose -3*a + 3*b + 15 = 0, -4*b - f = -0*b. Suppose -28 = a*y - 192. List the prime factors of y.
41
Let f(q) = -q**3 + 10*q**2 + q - 3. Let u be f(10). Suppose 8 = -u*j + 11*j. What are the prime factors of j?
2
Suppose 0 = 4*b - 3*m + 1, -5*m = 4*b - 0*m - 23. Suppose u + b*u = 12. Suppose -u*s + 43 + 141 = 0. List the prime factors of s.
2, 23
Let u = 13 - 14. Let f(z) = -166*z**3 + 6*z**2 + 6*z + 1. What are the prime factors of f(u)?
167
Let r(h) = -h + 39. Let a be 6 + -3 - (-1 - -1). Suppose 0 = a*l - l. List the prime factors of r(l).
3, 13
List the prime factors of 779 - 0 - ((-32)/(-8) + -6).
11, 71
Let m(p) = p + 90. List the prime factors of m(22).
2, 7
Let f = -7 - -766. What are the prime factors of f?
3, 11, 23
Let h = -14 + 56. Let s = h + -22. Let n = s - -5. What are the prime factors of n?
5
Let k(f) = 6*f + 2. Let h be k(1). Let q = h + -8. Suppose 52 = 4*j - q*j. What are the prime factors of j?
13
Let j be ((-5)/15)/(3/(-36)). Suppose w = -3*y + 56, -4*y = -9*w + j*w + 375. What are the prime factors of w?
71
Let b = -56 - -60. Suppose b*v - 8*h + 4*h - 716 = 0, -h = -5*v + 915. What are the prime factors of v?
2, 23
Let k(t) = -4*t + 26. Let d be k(11). Let v = d - -30. What are the prime factors of v?
2, 3
Let v = -291 - -143. Let b = v + 324. List the prime factors of b.
2, 11
Suppose 0 = q - 2*q + 2. Suppose 0 = -42*o + 41*o - 3. List the prime factors of q + o + 29 + 0.
2, 7
Let r(c) = -7*c - 6. Let a = -5 + 10. Let k(q) = -q**2 + 3*q + 6. Let o be k(a). List the prime factors of r(o).
2, 11
Let y(u) = 5*u**2 - 13*u - 326. List the prime factors of y(21).
2, 11, 73
Suppose -107 = -m + 2*m. Let k = m - -222. Suppose 3*w + 5*p - k = -w, -2*p = -3*w + 115. What are the prime factors of w?
5, 7
Suppose 5*r - 8 = 7. Let k(y) = 2*y**r - y**3 + 102 - 58. What are the prime factors of k(0)?
2, 11
Let r(j) = -j**3 + 4*j**2 - 5*j + 10. Let n be r(6). Let i = n + 139. What are the prime factors of i?
47
Let l = -889 - -1300. List the prime factors of l.
3, 137
Let r be (-2)/(-9) + 6/(-27). Suppose r = -g - 2*g + 9. Let k = g + 3. What are the prime factors of k?
2, 3
Suppose 5*z - 3*g + 6*g = 8222, -3293 = -2*z + 3*g. What are the prime factors of z?
5, 7, 47
What are the prime factors of (-29617)/(-28) - 3/(-12)?
2, 23
Suppose 123 = 4*q - x, q = 6*q + 3*x - 141. What are the prime factors of q*3/(-24)*(-64)/3?
2, 5
Let u = 3768 - 1963. What are the prime factors of u?
5, 19
Let q = -5 - -27. Suppose 3*b = 158 + q. List the prime factors of b.
2, 3, 5
Let i(f) be the third derivative of f**5/30 - f**4/24 - f**3/6 - 8*f**2. Let j be i(-3). Let h = j + 1. What are the prime factors of h?
3, 7
Let h(p) = p**3 - 4*p**2 - 9*p - 10. Let u(x) = -x + 31. Let g be u(24). What are the prime factors of h(g)?
2, 37
Let q = -1456 + 2270. What are the prime factors of q?
2, 11, 37
Let c(s) be the second derivative of s**4/3 - s**3/6 - s**2 - s. Let y(m) = m**3 - 5*m**2 + 4*m + 2. Let p be y(4). List the prime factors of c(p).
2, 3
Let o(m) = -11*m**3 - 11*m**2 + 11*m**2 + 2 + 2*m - 6*m**3. What are the prime factors of o(-2)?
2, 67
Let b = 332 - -46. List the prime factors of b.
2, 3, 7
Let u(s) = 10*s**3 - s - 2. Let z be u(2). Let n = z - 18. What are the prime factors of n?
2, 29
Suppose 10*z = 19*z - 15264. List the prime factors of z.
2, 53
Suppose 2*u - 22 = 4*u - 2*t, 0 = -5*u + 2*t - 40. List the prime factors of 2/(-3) + (-34)/u.
5
Suppose 0 = -3*w + 4 + 14. Let b be w/(-14) + (-17)/(-7). What are the prime factors of b/4 - 30/(-4)?
2
Let d be (-4 - -1) + (127 - 2). Suppose d - 32 = 3*z. List the prime factors of z.
2, 3, 5
Suppose -55*q + 8570 + 26080 = 0. What are the prime factors of q?
2, 3, 5, 7
What are the prime factors of ((-7128)/189)/(-2 - (-456)/231)?
2, 3, 11
Let k(s) = 3*s**2 - 12*s + 47. List the prime factors of k(13).
2, 199
Let h be 6*-1 + 0 + 0. Let x(l) = -3*l**2 + 4*l - 27*l + 2*l**2 + 10*l + 6. List the prime factors of x(h).
2, 3
Let n(z) = -33*z + 145. List the prime factors of n(-22).
13, 67
Let g = 1 + 1. Suppose -63 - 67 = -g*t. Let z = t - 46. List the prime factors of z.
19
Suppose 5*v + 1740 = 2*c, -v - 4 = -2. What are the prime factors of c?
5, 173
Suppose -2*f + 3*v + 4828 = 0, -6*v + 4*v - 9656 = -4*f. What are the prime factors of f?
2, 17, 71
Suppose 6*t - 8*t = -8. Suppose t*i + 15 = 9*i. Suppose -i*r - r = -72. What are the prime factors of r?
2, 3
Let u(m) = -33*m - 125. What are the prime factors of u(-17)?
2, 109
Let j = 5585 - -131. What are the prime factors of j?
2, 1429
Suppose 5*a - 23 = 2*j + 10, -4*j = 16. Suppose a*m = 45 + 30. List the prime factors of 40/m*180/16.
2, 3, 5
Let y(w) = -w**2 + 2*w + 3. Let l be y(0). What are the prime factors of 3/l*(194 - -7)?
3, 67
List the prime factors of (-2 - -4696)/(1 + 0 + 0).
2, 2347
Let g = -33 + 57. List the prime factors of g - (24/40)/(1/5).
3, 7
Let v(j) = -6*j**2 + 0*j**2 - 4 + 5*j**2 - 21*j - 17. What are the prime factors of v(-18)?
3, 11
Suppose -i = 5*s - 11, -7*s + 2*s + 3*i = -7. Let c be (2 - s)/((-6)/3). Suppose 0*z - 3*z + 72 = c. List the prime factors of z.
2, 3
Let n(q) = 27*q - 90. What are the prime factors of n(37)?
3, 101
Let r = -76 + 389. What are the prime factors of r?
313
Suppose -250 = -12*d + 86. Let w(g) = -g - 1. Let o be w(5). What are the prime factors of ((-9)/o)/(6/d)?
7
Let r(g) be the third derivative of -9*g**4/8 - 17*g**3/3 + 15*g**2. List the prime factors of r(-7).
5, 31
Let g(f) be the first derivative of -f**4/24 + 11*f**3/2 + 5*f**2 + 4. Let q(c) be the second derivative of g(c). List the prime factors of q(0).
3, 11
What are the prime factors of (10 - 363/22)*-122?
13, 61
Let i(s) = s**2 + 22*s + 72. What are the prime factors of i(-37)?
3, 11, 19
Suppose -4*s - 2*a - 4 = 0, -3*a - 6 = -4*s - 0*a. Suppose 5 + s = d. Suppose -4*q + d*q = -h + 34, 4*h =